 of p and 83.
83
Let i be (-21)/14 + 6/(-30)*(-29030)/4. Calculate the highest common divisor of i and 30.
10
Let g(k) = k**3 - k**2 + k - 9. Let m be g(0). Let d be (-578)/m + (-4)/18. Let r = 13 + -5. Calculate the greatest common divisor of d and r.
8
Let a = -1954 - -1964. Suppose -3*j - 14 = q - 2*q, -4*q + 2*j + 36 = 0. What is the highest common divisor of q and a?
2
Let w = 8558 - 7892. Calculate the highest common factor of 148 and w.
74
Suppose 0 = 35*k + 71*k - 50764 + 5184. What is the highest common divisor of 110 and k?
10
Let k be (180/42)/(-15)*(-14)/1. Suppose -k*h + 0*h + 1502 = 3*x, h = x + 372. What is the highest common divisor of 44 and h?
22
Suppose -4*a - 9*u + 7*u = -968, 3*a - 732 = -3*u. Calculate the highest common factor of 930 and a.
30
Suppose -10 = -5*d, 2*t - 54 - 44 = -d. Calculate the greatest common factor of t and 1216.
16
Let u(n) = -5*n + 180. Let o be u(34). Calculate the greatest common divisor of o and 445.
5
Suppose 268*x - 206 - 9979 = -23*x. What is the greatest common divisor of 1060 and x?
5
Suppose 57 = -5*m + 2*n + 137, -19 = -m + n. What is the greatest common factor of m and 14?
14
Suppose 8*s + 24*s + 302 = 814. What is the highest common divisor of s and 1320?
8
Suppose -3*d - 776 + 95 = 0. Let m = -92 - d. What is the highest common factor of 10 and m?
5
Let s(g) = 2*g**3 - 6*g**2 - 18*g - 16. Let q be s(7). Let x = q + -218. What is the greatest common factor of 4 and x?
4
Suppose -s + 41 = 37. Let c = 18 + -19. Let t be 22/6*(s + c). Calculate the highest common divisor of t and 33.
11
Let a(c) = 6*c**3 + 40*c**2 - 7*c + 21. Let s be a(-6). Calculate the greatest common factor of 46 and s.
23
Suppose -31*s + 36874 = -139826. What is the highest common factor of 50 and s?
50
Let p(y) = -y**2 - 2*y + 9. Let z be p(-6). Let i = z - -47. Calculate the greatest common divisor of 80 and i.
16
Let a be (-2559)/(-5) + (-618)/(-515). What is the greatest common divisor of 38 and a?
19
Let u be (-2)/10 - (-332)/10. Suppose 12*r = 7*r - 4*o + 165, -r + u = -o. Calculate the greatest common factor of r and 11.
11
Let f(d) = -2*d**2 - 27*d + 3. Let i be f(-14). Let m = i + 76. Calculate the greatest common factor of m and 5.
5
Suppose -216792*m + 216801*m - 2997 = 0. Calculate the highest common factor of m and 4144.
37
Suppose 0 = 385*d - 129*d - 166912. What is the highest common divisor of 8 and d?
4
Let z = 106 + -103. Let g be 6/9 - (-28)/z. Let i be (-3)/(9/(-6)) + 2. What is the highest common factor of i and g?
2
Let l be (-2 + 8)*34 + -5 + 1. Suppose 0 = l*r - 197*r - 351. Calculate the greatest common factor of 78 and r.
39
Suppose 13*w - 17*w - 22 = -u, -2*u = -5*w - 38. Suppose v - 58 - u = -5*f, 0 = 5*f - 5*v - 60. Calculate the highest common divisor of 154 and f.
14
Let d = -2115 - -2655. Calculate the highest common factor of d and 360.
180
Let f be ((3/84)/(7/(-28)))/(12/(-6636)). Calculate the greatest common factor of 11139 and f.
79
Suppose -1138 = -6*g - 106. Let p = g + -160. What is the greatest common factor of 108 and p?
12
Suppose 6*v - r - 36 = 2*v, 5*v - 4*r - 45 = 0. Let m(l) = 3*l**2 - 7*l - 52. Let t be m(v). Calculate the highest common factor of t and 4.
4
Suppose -71*u - 39 = -962. What is the highest common divisor of u and 1391?
13
Let s be ((-2)/3)/(178/(-2511936)). What is the highest common divisor of 84 and s?
84
Let j be 3/42 + 3197/322. What is the highest common divisor of j and 590?
10
Let l = 61582 - 43477. Let x be (-2)/4 - l/(-30). What is the highest common factor of 67 and x?
67
Let d be (1 + -2)/((-54)/3132). What is the greatest common divisor of 10 and d?
2
Let p be (-2*9/(-4))/((-3)/(-10)). Suppose -5*u - 9 = 2*y - 148, u = 2*y + 23. What is the highest common divisor of u and p?
3
Suppose -263 - 2422 = -3*i - d, -4495 = -5*i - 5*d. What is the highest common factor of i and 329?
47
Let i(g) = 105*g - 1567. Let d be i(15). Calculate the highest common factor of 3208 and d.
8
Suppose -3*d + 96 = d. Suppose -12*r + 41 = -31. Let p be 4/48*-4 + 1154/r. What is the highest common factor of p and d?
24
Let y be (6/(-4))/((-24)/288). Suppose 26*l - 35*l + y = 0. What is the highest common divisor of 1 and l?
1
Suppose 3*s + 428 - 430 = h, 5*h - 26 = 3*s. Suppose -4*z - z + 30 = 4*x, 5*z + 3*x = 25. Calculate the greatest common divisor of h and z.
1
Suppose -46*w + 21340 + 22498 = 0. Let v = w + -697. Let y be 40*((-18)/(-10) + -1). Calculate the greatest common divisor of v and y.
32
Let j = 20261 - 18609. What is the greatest common divisor of 12 and j?
4
Let l be 5322/42 - 1 - (16/(-7) + 2). What is the highest common factor of 3444 and l?
42
Suppose 0*r + 9*r - 15*r = -5040. What is the greatest common divisor of r and 135?
15
Let b be (-2 + -4)*1/(-3). Let r(p) = -11*p**2 - 22 + 5*p**2 + 5*p**b + 15*p. Let n be r(13). What is the greatest common factor of n and 52?
4
Let p(r) = -3*r + 27. Let h be p(10). Let d = 12 - h. Suppose 5*z = -x + 32, -2*x + 3*z - 3 = -d. What is the greatest common divisor of x and 96?
12
Let a = 2590 - 2574. What is the highest common factor of a and 19808?
16
Suppose 5*f = -3*k - 19, -17*k = -19*k + 5*f + 29. Suppose s = -2*a + 170, -s + k = 6. What is the greatest common factor of a and 464?
29
Suppose 81 = -t + 124. Suppose -m + t*m = 126. Calculate the highest common factor of 267 and m.
3
Let p(f) be the first derivative of -f**4/4 - 7*f**3 + 23*f**2/2 + 32*f - 17. Let q be p(-22). What is the highest common factor of 10 and q?
10
Let j = 3980 + -3860. What is the highest common divisor of 440 and j?
40
Suppose p - 265 = 35*r - 37*r, -1309 = -5*p - 2*r. What is the greatest common divisor of p and 18?
9
Suppose 3*h = 35*h - 1440. Suppose 0 = h*a - 35*a - 3570. What is the highest common factor of a and 34?
17
Let r(x) = 3*x**2 + 16*x - 11. Let g be (0 + 0/4)/(-1). Let y be -5*(3 - (1 - g)). Let l be r(y). Calculate the greatest common factor of 86 and l.
43
Let b = 5 + -5. Suppose -12 = -4*k - b. Suppose -5*v = 5*w - 15, 55 = 5*w - k*v - 0*v. Calculate the highest common divisor of w and 64.
8
Let w = 32 + -11. Let t(k) = -2*k**2 - 15*k + 2. Let s be t(-8). Let m be -6*(27/s + 1). Calculate the highest common factor of w and m.
21
Let m = 231 - 125. Suppose 0 = -a - 6 + m. Let j = a + -67. What is the greatest common factor of 3 and j?
3
Let s(a) = -a**3 - 26*a**2 - 25*a + 60. Let l be s(-25). Suppose -f + 8 = 5*m - 57, f - 53 = -2*m. What is the greatest common divisor of l and f?
15
Let p be ((-783)/12)/(16/(-64)). Let s = -215 + p. What is the highest common factor of 506 and s?
46
Let v(y) = -5*y + 65. Let u be v(11). Suppose -u*w + 40 = -9*w. Calculate the greatest common divisor of 130 and w.
10
Suppose 0 = 2*z - 2*g, 3*z - z + 2*g = 4. Calculate the highest common factor of 3 and z.
1
Let b(t) = t**3 + 25*t**2 + 48*t + 49. Let j be b(-23). Suppose 3*n = 4*n - 2, 5*n - 55 = -j*x. Calculate the greatest common divisor of 135 and x.
15
Suppose -80 = -282*p + 272*p. Suppose -4*v + v = 3. Let j be (3 - v)*(-32)/(-2). Calculate the greatest common divisor of j and p.
8
Suppose 2*a + u + 6 = -53, a = 4*u - 34. Let h = a - -43. What is the highest common divisor of h and 559?
13
Let u(n) = -38*n - 840. Let q be u(-30). What is the highest common divisor of q and 648?
12
Let x = -21292 - -24655. What is the highest common divisor of x and 1947?
177
Let p = -31 + 43. Let r be (p/(-15))/(3 - (-273)/(-90)). Suppose -5*u + r - 9 = 0. Calculate the greatest common factor of u and 4.
1
Suppose 0 = -20*c + 18*c + 4. Suppose 2*u + u - s - 56 = 0, -c*s + 7 = u. Let q = 166 - 98. Calculate the highest common factor of u and q.
17
Let r be (3 - 3 - -4) + -4. Let j(h) = -12 + 0*h**2 - 3*h - h**2 + r*h - 14*h. Let d be j(-9). Calculate the greatest common factor of 24 and d.
12
Let x = -3266 - -3352. What is the highest common divisor of 2623 and x?
43
Let l be 2/1*(-10)/20 + -53. Let p = -48 - l. What is the highest common divisor of p and 6?
6
Let c(u) be the third derivative of -u**6/120 + 3*u**5/20 - u**4/24 + 4*u**3/3 - 3*u**2 + 33. Let k be c(0). Calculate the greatest common factor of k and 36.
4
Let w(n) = n**2 - 11. Let s be (-35)/7*(-12)/(-15). Let h be w(s). Calculate the greatest common divisor of 5 and h.
5
Let q(g)